{"id":289,"date":"2017-04-17T09:52:01","date_gmt":"2017-04-17T07:52:01","guid":{"rendered":"http:\/\/labaulewp.gwalarn.org\/?page_id=289"},"modified":"2017-04-17T09:52:01","modified_gmt":"2017-04-17T07:52:01","slug":"lhistoire-dar-vro-wenn","status":"publish","type":"page","link":"https:\/\/cercleceltiquelabaule.bzh\/?page_id=289","title":{"rendered":"L&rsquo;HISTOIRE D&rsquo;AR VRO WENN"},"content":{"rendered":"<h1>HISTORIQUE DU CERCLE AR VRO WENN&nbsp; &nbsp; &nbsp;<\/h1>\n<p><strong>&nbsp; &nbsp; &nbsp; &nbsp; &nbsp; &nbsp; &nbsp; &nbsp; &nbsp; &nbsp; &nbsp; &nbsp;<\/strong><\/p>\n<p><strong>&nbsp; &nbsp; &nbsp; &nbsp; &nbsp; &nbsp; &nbsp; &nbsp; &nbsp; &nbsp; &nbsp; &nbsp; AR VRO WENN &nbsp; &nbsp; : &nbsp;Premier groupe breton de la presqu&rsquo;\u00eele gu\u00e9randaise<\/strong><\/p>\n<p>o&nbsp;&nbsp; Cr\u00e9ation de l&rsquo;association le 24 ao\u00fbt 1946 (jo du 18\/09\/1946).Document de la cr\u00e9ation en 1946<\/p>\n<p>o&nbsp;&nbsp; En 1947, le cercle compte + de 90 adh\u00e9rents dans les sections danse, musique, chorale, th\u00e9\u00e2tre, langue bretonne, histoire , g\u00e9ographie,<\/p>\n<p>o&nbsp;&nbsp; en 1948, expansion de l&rsquo;association \u00e0 170 membres&nbsp; actifs entrainant la s\u00e9paration des&nbsp; groupes de St Nazaire et de Saill\u00e9. Plus tard, les groupes de Gu\u00e9rande, Le Croisic, Batz et Le Pouliguen deviendront autonomes,<\/p>\n<p>o&nbsp;&nbsp; en 1950 , cr\u00e9ation du bagad \u00ab\u00a0Ar Vro Wenn\u00a0\u00bb<\/p>\n<p>o&nbsp;&nbsp; en 1953, naissance d&rsquo;un second bagad pour les enfants, un des premiers bagadou pour enfants de Bretagne,<\/p>\n<p>o&nbsp;&nbsp; en 1955, l&rsquo;association acquiert les locaux de \u00ab\u00a0Penn Loch\u00a0\u00bb au 15 avenue de la Morandais,<\/p>\n<p>o&nbsp;&nbsp; en 1957, le bagad est class\u00e9 en 1\u00e8re cat\u00e9gorie au concours de Brest,<\/p>\n<p>o&nbsp;&nbsp; en 1959, cr\u00e9ation d&rsquo;une \u00e9cole de musique bretonne,<\/p>\n<p>o&nbsp;&nbsp; en 1961, naissance d&rsquo;une section \u00ab\u00a0danses juniors\u00a0\u00bb,<\/p>\n<p>o&nbsp;&nbsp; en 1962, formation de l&rsquo;association War Raok,<\/p>\n<p>o&nbsp;&nbsp; en 1965, sortie d&rsquo;un 45 tours \u00ab\u00a0bagad ar vro wenn\u00a0\u00bb,<\/p>\n<p>o&nbsp;&nbsp; en 1973 mise en route d&rsquo;un orchestre de fest-noz \u00ab\u00a0paotred al ledenez\u00a0\u00bb,<\/p>\n<p>o&nbsp;&nbsp; en 1980, sortie du disque 33tours \u00ab\u00a0concert Ar Vro Wenn\u00a0\u00bb,<\/p>\n<p>o&nbsp;&nbsp; en 1985, le cercle en danse est class\u00e9 en 1\u00e9re cat\u00e9gorie,<\/p>\n<p>o&nbsp;&nbsp; en 1993, formation du bagad de la presqu&rsquo;ile.<\/p>\n<p>o&nbsp;&nbsp; en 2011,&nbsp;le cercle en danse est class\u00e9 en 2i\u00e8re cat\u00e9gorie,<\/p>\n<p>o&nbsp;&nbsp; en 2014, cr\u00e9ation de l&rsquo;ECCBBB (Entente Culturelle des Cercles Bretons de la Baule) en collaboration avec le Cercle War Raok,<\/p>\n<p>o&nbsp;&nbsp; en 2016, Fusion des 2 cercles baulois . Modification du nom. Le cercle devient le Cercle Celtique Ar Vro Wenn War Raok suite l&rsquo;assembl\u00e9e extraordinaire du 25 septembre 201<\/p>\n","protected":false},"excerpt":{"rendered":"<p>HISTORIQUE DU CERCLE AR VRO WENN&nbsp; &nbsp; &nbsp; &nbsp; &nbsp; &nbsp; &nbsp; &nbsp; &nbsp; &nbsp; &nbsp; &nbsp; &nbsp; &nbsp; &nbsp; &nbsp; &nbsp; &nbsp; &nbsp; &nbsp; &nbsp; &nbsp; &nbsp; &nbsp; &nbsp; &nbsp; &nbsp; AR VRO WENN &nbsp; &nbsp; : &nbsp;Premier groupe breton de la presqu&rsquo;\u00eele gu\u00e9randaise o&nbsp;&nbsp; Cr\u00e9ation de l&rsquo;association le 24 ao\u00fbt 1946 (jo du &hellip; <a href=\"https:\/\/cercleceltiquelabaule.bzh\/?page_id=289\" class=\"more-link\">Continuer la lecture de <span class=\"screen-reader-text\">L&rsquo;HISTOIRE D&rsquo;AR VRO WENN<\/span>  <span class=\"meta-nav\">&rarr;<\/span><\/a><\/p>\n","protected":false},"author":1,"featured_media":0,"parent":266,"menu_order":0,"comment_status":"closed","ping_status":"closed","template":"","meta":{"ngg_post_thumbnail":0,"footnotes":""},"class_list":["post-289","page","type-page","status-publish","hentry"],"_links":{"self":[{"href":"https:\/\/cercleceltiquelabaule.bzh\/index.php?rest_route=\/wp\/v2\/pages\/289","targetHints":{"allow":["GET"]}}],"collection":[{"href":"https:\/\/cercleceltiquelabaule.bzh\/index.php?rest_route=\/wp\/v2\/pages"}],"about":[{"href":"https:\/\/cercleceltiquelabaule.bzh\/index.php?rest_route=\/wp\/v2\/types\/page"}],"author":[{"embeddable":true,"href":"https:\/\/cercleceltiquelabaule.bzh\/index.php?rest_route=\/wp\/v2\/users\/1"}],"replies":[{"embeddable":true,"href":"https:\/\/cercleceltiquelabaule.bzh\/index.php?rest_route=%2Fwp%2Fv2%2Fcomments&post=289"}],"version-history":[{"count":1,"href":"https:\/\/cercleceltiquelabaule.bzh\/index.php?rest_route=\/wp\/v2\/pages\/289\/revisions"}],"predecessor-version":[{"id":290,"href":"https:\/\/cercleceltiquelabaule.bzh\/index.php?rest_route=\/wp\/v2\/pages\/289\/revisions\/290"}],"up":[{"embeddable":true,"href":"https:\/\/cercleceltiquelabaule.bzh\/index.php?rest_route=\/wp\/v2\/pages\/266"}],"wp:attachment":[{"href":"https:\/\/cercleceltiquelabaule.bzh\/index.php?rest_route=%2Fwp%2Fv2%2Fmedia&parent=289"}],"curies":[{"name":"wp","href":"https:\/\/api.w.org\/{rel}","templated":true}]}}

<h1>HISTORIQUE DU CERCLE AR VRO WENN&nbsp; &nbsp; &nbsp;</h1>
<p><strong>&nbsp; &nbsp; &nbsp; &nbsp; &nbsp; &nbsp; &nbsp; &nbsp; &nbsp; &nbsp; &nbsp; &nbsp;</strong></p>
<p><strong>&nbsp; &nbsp; &nbsp; &nbsp; &nbsp; &nbsp; &nbsp; &nbsp; &nbsp; &nbsp; &nbsp; &nbsp; AR VRO WENN &nbsp; &nbsp; : &nbsp;Premier groupe breton de la presqu&rsquo;île guérandaise</strong></p>
<p>o&nbsp;&nbsp; Création de l&rsquo;association le 24 août 1946 (jo du 18/09/1946).Document de la création en 1946</p>
<p>o&nbsp;&nbsp; En 1947, le cercle compte + de 90 adhérents dans les sections danse, musique, chorale, théâtre, langue bretonne, histoire , géographie,</p>
<p>o&nbsp;&nbsp; en 1948, expansion de l&rsquo;association à 170 membres&nbsp; actifs entrainant la séparation des&nbsp; groupes de St Nazaire et de Saillé. Plus tard, les groupes de Guérande, Le Croisic, Batz et Le Pouliguen deviendront autonomes,</p>
<p>o&nbsp;&nbsp; en 1950 , création du bagad « Ar Vro Wenn »</p>
<p>o&nbsp;&nbsp; en 1953, naissance d&rsquo;un second bagad pour les enfants, un des premiers bagadou pour enfants de Bretagne,</p>
<p>o&nbsp;&nbsp; en 1955, l&rsquo;association acquiert les locaux de « Penn Loch » au 15 avenue de la Morandais,</p>
<p>o&nbsp;&nbsp; en 1957, le bagad est classé en 1ère catégorie au concours de Brest,</p>
<p>o&nbsp;&nbsp; en 1959, création d&rsquo;une école de musique bretonne,</p>
<p>o&nbsp;&nbsp; en 1961, naissance d&rsquo;une section « danses juniors »,</p>
<p>o&nbsp;&nbsp; en 1962, formation de l&rsquo;association War Raok,</p>
<p>o&nbsp;&nbsp; en 1965, sortie d&rsquo;un 45 tours « bagad ar vro wenn »,</p>
<p>o&nbsp;&nbsp; en 1973 mise en route d&rsquo;un orchestre de fest-noz « paotred al ledenez »,</p>
<p>o&nbsp;&nbsp; en 1980, sortie du disque 33tours « concert Ar Vro Wenn »,</p>
<p>o&nbsp;&nbsp; en 1985, le cercle en danse est classé en 1ére catégorie,</p>
<p>o&nbsp;&nbsp; en 1993, formation du bagad de la presqu&rsquo;ile.</p>
<p>o&nbsp;&nbsp; en 2011,&nbsp;le cercle en danse est classé en 2ière catégorie,</p>
<p>o&nbsp;&nbsp; en 2014, création de l&rsquo;ECCBBB (Entente Culturelle des Cercles Bretons de la Baule) en collaboration avec le Cercle War Raok,</p>
<p>o&nbsp;&nbsp; en 2016, Fusion des 2 cercles baulois . Modification du nom. Le cercle devient le Cercle Celtique Ar Vro Wenn War Raok suite l&rsquo;assemblée extraordinaire du 25 septembre 201</p>

<p>HISTORIQUE DU CERCLE AR VRO WENN&nbsp; &nbsp; &nbsp; &nbsp; &nbsp; &nbsp; &nbsp; &nbsp; &nbsp; &nbsp; &nbsp; &nbsp; &nbsp; &nbsp; &nbsp; &nbsp; &nbsp; &nbsp; &nbsp; &nbsp; &nbsp; &nbsp; &nbsp; &nbsp; &nbsp; &nbsp; &nbsp; AR VRO WENN &nbsp; &nbsp; : &nbsp;Premier groupe breton de la presqu&rsquo;île guérandaise o&nbsp;&nbsp; Création de l&rsquo;association le 24 août 1946 (jo du &hellip; <a href="https://cercleceltiquelabaule.bzh/?page_id=289" class="more-link">Continuer la lecture de <span class="screen-reader-text">L&rsquo;HISTOIRE D&rsquo;AR VRO WENN</span>  <span class="meta-nav">&rarr;</span></a></p>
