{"id":420,"date":"2017-04-19T07:40:42","date_gmt":"2017-04-19T05:40:42","guid":{"rendered":"http:\/\/labaulewp.gwalarn.org\/?page_id=420"},"modified":"2017-12-19T10:01:38","modified_gmt":"2017-12-19T08:01:38","slug":"nous-connaitre","status":"publish","type":"page","link":"https:\/\/cercleceltiquelabaule.bzh\/?page_id=420","title":{"rendered":"NOUS CONNAITRE"},"content":{"rendered":"<h4 id=\"sites-page-title-header\"><strong>Premier groupe breton de la <\/strong><b>presqu&rsquo;\u00eele gu\u00e9randaise;&nbsp;<\/b><strong>Le Cercle &nbsp;Celtique&nbsp;<\/strong><strong>Ar Vro Wenn ( le Pays Blanc), c<\/strong><strong>r\u00e9e en 1946, s&rsquo;est fusionn\u00e9 en 2016 avec le Cercle War Raok ( En Avant) pour devenir&nbsp;<\/strong><\/h4>\n<h4><strong>le<\/strong><strong> Cercle Celtique Ar Vro Wenn War Raok<\/strong><\/h4>\n<h4><strong>Il propose les enseignements&nbsp;&nbsp;(danses, musique, langue bretonne , chants)<\/strong><\/h4>\n<h4><strong>Le Cercle Celtique participe aux manifestations bretonnes<\/strong><\/h4>\n<div>[metaslider id=96]<\/div>\n<h4>&nbsp; &nbsp;&nbsp;&nbsp;Le Cercle est Adh\u00e9rent \u00e0 la&nbsp; Conf\u00e9d\u00e9ration&nbsp;<\/h4>\n<p><img loading=\"lazy\" decoding=\"async\" class=\"size-medium wp-image-2397 aligncenter\" src=\"http:\/\/labaule.gwalarn.org\/wp-content\/uploads\/2017\/06\/logo_warlleur-200x300.jpg\" alt=\"\" width=\"200\" height=\"300\" srcset=\"https:\/\/cercleceltiquelabaule.bzh\/wp-content\/uploads\/2017\/06\/logo_warlleur-200x300.jpg 200w, https:\/\/cercleceltiquelabaule.bzh\/wp-content\/uploads\/2017\/06\/logo_warlleur.jpg 224w\" sizes=\"auto, (max-width: 200px) 100vw, 200px\" \/><\/p>\n<p>&nbsp;<\/p>\n<h3>&nbsp;Le Cercle est aid\u00e9 par la Ville de La Baule<\/h3>\n<h3>&nbsp; &nbsp; &nbsp; <img loading=\"lazy\" decoding=\"async\" class=\"alignnone wp-image-2514 size-full\" src=\"http:\/\/labaule.gwalarn.org\/wp-content\/uploads\/2017\/04\/2016_financeurs.jpg\" alt=\"\" width=\"493\" height=\"141\"><\/h3>\n","protected":false},"excerpt":{"rendered":"<p>Premier groupe breton de la presqu&rsquo;\u00eele gu\u00e9randaise;&nbsp;Le Cercle &nbsp;Celtique&nbsp;Ar Vro Wenn ( le Pays Blanc), cr\u00e9e en 1946, s&rsquo;est fusionn\u00e9 en 2016 avec le Cercle War Raok ( En Avant) pour devenir&nbsp; le Cercle Celtique Ar Vro Wenn War Raok Il propose les enseignements&nbsp;&nbsp;(danses, musique, langue bretonne , chants) Le Cercle Celtique participe aux manifestations &hellip; <a href=\"https:\/\/cercleceltiquelabaule.bzh\/?page_id=420\" class=\"more-link\">Continuer la lecture de <span class=\"screen-reader-text\">NOUS CONNAITRE<\/span>  <span class=\"meta-nav\">&rarr;<\/span><\/a><\/p>\n","protected":false},"author":1,"featured_media":0,"parent":0,"menu_order":0,"comment_status":"closed","ping_status":"closed","template":"","meta":{"ngg_post_thumbnail":0,"footnotes":""},"class_list":["post-420","page","type-page","status-publish","hentry"],"_links":{"self":[{"href":"https:\/\/cercleceltiquelabaule.bzh\/index.php?rest_route=\/wp\/v2\/pages\/420","targetHints":{"allow":["GET"]}}],"collection":[{"href":"https:\/\/cercleceltiquelabaule.bzh\/index.php?rest_route=\/wp\/v2\/pages"}],"about":[{"href":"https:\/\/cercleceltiquelabaule.bzh\/index.php?rest_route=\/wp\/v2\/types\/page"}],"author":[{"embeddable":true,"href":"https:\/\/cercleceltiquelabaule.bzh\/index.php?rest_route=\/wp\/v2\/users\/1"}],"replies":[{"embeddable":true,"href":"https:\/\/cercleceltiquelabaule.bzh\/index.php?rest_route=%2Fwp%2Fv2%2Fcomments&post=420"}],"version-history":[{"count":9,"href":"https:\/\/cercleceltiquelabaule.bzh\/index.php?rest_route=\/wp\/v2\/pages\/420\/revisions"}],"predecessor-version":[{"id":4249,"href":"https:\/\/cercleceltiquelabaule.bzh\/index.php?rest_route=\/wp\/v2\/pages\/420\/revisions\/4249"}],"wp:attachment":[{"href":"https:\/\/cercleceltiquelabaule.bzh\/index.php?rest_route=%2Fwp%2Fv2%2Fmedia&parent=420"}],"curies":[{"name":"wp","href":"https:\/\/api.w.org\/{rel}","templated":true}]}}

<h4 id="sites-page-title-header"><strong>Premier groupe breton de la </strong><b>presqu&rsquo;île guérandaise;&nbsp;</b><strong>Le Cercle &nbsp;Celtique&nbsp;</strong><strong>Ar Vro Wenn ( le Pays Blanc), c</strong><strong>rée en 1946, s&rsquo;est fusionné en 2016 avec le Cercle War Raok ( En Avant) pour devenir&nbsp;</strong></h4>
<h4><strong>le</strong><strong> Cercle Celtique Ar Vro Wenn War Raok</strong></h4>
<h4><strong>Il propose les enseignements&nbsp;&nbsp;(danses, musique, langue bretonne , chants)</strong></h4>
<h4><strong>Le Cercle Celtique participe aux manifestations bretonnes</strong></h4>
<div>[metaslider id=96]</div>
<h4>&nbsp; &nbsp;&nbsp;&nbsp;Le Cercle est Adhérent à la&nbsp; Confédération&nbsp;</h4>
<p><img loading="lazy" decoding="async" class="size-medium wp-image-2397 aligncenter" src="http://labaule.gwalarn.org/wp-content/uploads/2017/06/logo_warlleur-200x300.jpg" alt="" width="200" height="300" srcset="https://cercleceltiquelabaule.bzh/wp-content/uploads/2017/06/logo_warlleur-200x300.jpg 200w, https://cercleceltiquelabaule.bzh/wp-content/uploads/2017/06/logo_warlleur.jpg 224w" sizes="auto, (max-width: 200px) 100vw, 200px" /></p>
<p>&nbsp;</p>
<h3>&nbsp;Le Cercle est aidé par la Ville de La Baule</h3>
<h3>&nbsp; &nbsp; &nbsp; <img loading="lazy" decoding="async" class="alignnone wp-image-2514 size-full" src="http://labaule.gwalarn.org/wp-content/uploads/2017/04/2016_financeurs.jpg" alt="" width="493" height="141"></h3>

<p>Premier groupe breton de la presqu&rsquo;île guérandaise;&nbsp;Le Cercle &nbsp;Celtique&nbsp;Ar Vro Wenn ( le Pays Blanc), crée en 1946, s&rsquo;est fusionné en 2016 avec le Cercle War Raok ( En Avant) pour devenir&nbsp; le Cercle Celtique Ar Vro Wenn War Raok Il propose les enseignements&nbsp;&nbsp;(danses, musique, langue bretonne , chants) Le Cercle Celtique participe aux manifestations &hellip; <a href="https://cercleceltiquelabaule.bzh/?page_id=420" class="more-link">Continuer la lecture de <span class="screen-reader-text">NOUS CONNAITRE</span>  <span class="meta-nav">&rarr;</span></a></p>
