{"id":690,"date":"2015-12-30T10:02:42","date_gmt":"2015-12-30T08:02:42","guid":{"rendered":"http:\/\/labaulewp.gwalarn.org\/?page_id=690"},"modified":"2017-04-25T17:36:41","modified_gmt":"2017-04-25T15:36:41","slug":"2015-toutes-les-photos","status":"publish","type":"page","link":"https:\/\/cercleceltiquelabaule.bzh\/?page_id=690","title":{"rendered":"2015 &#8211; TOUTES LES PHOTOS"},"content":{"rendered":"<table border=\"1\" cellspacing=\"1\" cellpadding=\"1\" align=\"left\">\n<tbody>\n<tr>\n<td>Soir\u00e9e Galette des Rois<\/td>\n<td>Tous les adh\u00e9rents<\/td>\n<td><strong><a href=\"https:\/\/photos.google.com\/u\/0\/album\/AF1QipOtwM6Ba8xxNgfglNesXrtYW7UugoJlBQDDQ-kV\" data-cke-saved-href=\"https:\/\/photos.google.com\/u\/0\/album\/AF1QipOtwM6Ba8xxNgfglNesXrtYW7UugoJlBQDDQ-kV\" data-cke-pa-onclick=\"window.open(this.href, '', 'resizable=no,status=no,location=no,toolbar=no,menubar=no,fullscreen=no,scrollbars=no,dependent=no'); return false;\">Clic pour voir<\/a><\/strong><\/td>\n<\/tr>\n<tr>\n<td>Animation les Amis de la Chanson<\/td>\n<td>Animation bretonne&nbsp;<\/td>\n<td><strong><a href=\"https:\/\/photos.google.com\/u\/0\/album\/AF1QipOCBzSyLSZCiIBbPJ0UkuvWTei3xuJaL1HCaYSb\" data-cke-saved-href=\"https:\/\/photos.google.com\/u\/0\/album\/AF1QipOCBzSyLSZCiIBbPJ0UkuvWTei3xuJaL1HCaYSb\" data-cke-pa-onclick=\"window.open(this.href, '', 'resizable=no,status=no,location=no,toolbar=no,menubar=no,fullscreen=no,scrollbars=no,dependent=no'); return false;\">Clic pour voir<\/a><\/strong><\/td>\n<\/tr>\n<tr>\n<td>Soir\u00e9e Dans Noz &#8211; Anniversaire de Charlie<\/td>\n<td>Soir\u00e9e Dans noz<\/td>\n<td><strong><a href=\"https:\/\/photos.google.com\/u\/0\/album\/AF1QipPoQnO2xi6aov1l13bLBFEmnfs7V_r0fMaF2KLv\" data-cke-saved-href=\"https:\/\/photos.google.com\/u\/0\/album\/AF1QipPoQnO2xi6aov1l13bLBFEmnfs7V_r0fMaF2KLv\" data-cke-pa-onclick=\"window.open(this.href, '', 'resizable=no,status=no,location=no,toolbar=no,menubar=no,fullscreen=no,scrollbars=no,dependent=no'); return false;\">Clic pour voir<\/a><\/strong><\/td>\n<\/tr>\n<tr>\n<td>Fest deiz du Cercle<\/td>\n<td>Ouvert \u00e0 tous<\/td>\n<td><strong><a href=\"https:\/\/photos.google.com\/u\/0\/album\/AF1QipMBNOdRCv8k5DnpPtg3S0x3p2SXHFF5Wv-e9msJ\" data-cke-saved-href=\"https:\/\/photos.google.com\/u\/0\/album\/AF1QipMBNOdRCv8k5DnpPtg3S0x3p2SXHFF5Wv-e9msJ\" data-cke-pa-onclick=\"window.open(this.href, '', 'resizable=no,status=no,location=no,toolbar=no,menubar=no,fullscreen=no,scrollbars=no,dependent=no'); return false;\">Clic pour voir<\/a><\/strong><\/td>\n<\/tr>\n<tr>\n<td>Groupe Sc\u00e9nique&nbsp;<\/td>\n<td>Gouel Breizh \u00e0 Redon&nbsp;<\/td>\n<td><strong><a href=\"https:\/\/goo.gl\/photos\/1Q8xLhmbXw1jVCqx8\" target=\"_blank\" rel=\"noopener noreferrer\" data-cke-saved-href=\"https:\/\/photos.google.com\/u\/0\/album\/AF1QipPgS0EwmgH9_opeqf3IRni9OSA4gHTKy0VhiNDV\" data-cke-pa-onclick=\"window.open(this.href, '', 'resizable=no,status=no,location=no,toolbar=no,menubar=no,fullscreen=no,scrollbars=no,dependent=no'); return false;\">Clic pour voir<\/a><\/strong><\/td>\n<\/tr>\n<tr>\n<td>Groupe Sc\u00e9nique + Autres activit\u00e9s<\/td>\n<td>Les cr\u00e9ations 2015 \u00e0 la MJC La Baule<\/td>\n<td><strong><a href=\"https:\/\/photos.google.com\/u\/0\/album\/AF1QipOJHCxlFGZXkOsocCDWph7MGdbl6Oq7PsZ70qlX\" data-cke-saved-href=\"https:\/\/photos.google.com\/u\/0\/album\/AF1QipOJHCxlFGZXkOsocCDWph7MGdbl6Oq7PsZ70qlX\" data-cke-pa-onclick=\"window.open(this.href, '', 'resizable=no,status=no,location=no,toolbar=no,menubar=no,fullscreen=no,scrollbars=no,dependent=no'); return false;\">Clic pour voir<\/a><\/strong><\/td>\n<\/tr>\n<tr>\n<td>Animation R\u00e9sidence Les Aliz\u00e9s<\/td>\n<td>Animation Bretonne&nbsp;<\/td>\n<td><strong><a href=\"https:\/\/plus.google.com\/photos\/108374069799830013329\/albums\/6156019290305828097?authkey=CIXu5aXzueryhAE\" data-cke-saved-href=\"https:\/\/plus.google.com\/photos\/108374069799830013329\/albums\/6156019290305828097?authkey=CIXu5aXzueryhAE\" data-cke-pa-onclick=\"window.open(this.href, '', 'resizable=no,status=no,location=no,toolbar=no,menubar=no,fullscreen=no,scrollbars=no,dependent=no'); return false;\">Clic pour voir<\/a><\/strong><\/td>\n<\/tr>\n<tr>\n<td>Animations et prestations<\/td>\n<td>F\u00eate de la Musique \u00e0 Hombourg<\/td>\n<td><strong><a href=\"https:\/\/plus.google.com\/u\/0\/photos\/108374069799830013329\/albums\/6163598743840559825?authkey=CO3svfP6u47_hAE\" data-cke-saved-href=\"https:\/\/plus.google.com\/u\/0\/photos\/108374069799830013329\/albums\/6163598743840559825?authkey=CO3svfP6u47_hAE\" data-cke-pa-onclick=\"window.open(this.href, '', 'resizable=no,status=no,location=no,toolbar=no,menubar=no,fullscreen=no,scrollbars=no,dependent=no'); return false;\">Clic pour voir<\/a><\/strong><\/td>\n<\/tr>\n<tr>\n<td>Groupe Sc\u00e9nique&nbsp;<\/td>\n<td>Prestaion au Tournoi International de Tennis V\u00e9t\u00e9ran &#8211; La Baule<\/td>\n<td><strong><a href=\"https:\/\/plus.google.com\/u\/0\/photos\/108374069799830013329\/albums\/6158243160951340209\" data-cke-saved-href=\"https:\/\/plus.google.com\/u\/0\/photos\/108374069799830013329\/albums\/6158243160951340209\" data-cke-pa-onclick=\"window.open(this.href, '', 'resizable=no,status=no,location=no,toolbar=no,menubar=no,fullscreen=no,scrollbars=no,dependent=no'); return false;\">Clic pour voir<\/a><\/strong><\/td>\n<\/tr>\n<tr>\n<td>Soir\u00e9e Grillades &#8211; Soir\u00e9e de fin de saison<\/td>\n<td>Tous les adh\u00e9rents &nbsp; &nbsp; &nbsp; &nbsp; &nbsp; &nbsp; &nbsp; &nbsp;&nbsp;<\/td>\n<td><strong><a href=\"https:\/\/plus.google.com\/photos\/108374069799830013329\/albums\/6165313822350472625?authkey=COPC0tyhp4upvwE\" data-cke-saved-href=\"https:\/\/plus.google.com\/photos\/108374069799830013329\/albums\/6165313822350472625?authkey=COPC0tyhp4upvwE\" data-cke-pa-onclick=\"window.open(this.href, '', 'resizable=no,status=no,location=no,toolbar=no,menubar=no,fullscreen=no,scrollbars=no,dependent=no'); return false;\">Clic pour voir<\/a><\/strong><\/td>\n<\/tr>\n<tr>\n<td>150 ans de La Turballe<\/td>\n<td>D\u00e9fil\u00e9 entre la Place du March\u00e9 et le port<\/td>\n<td><a href=\"https:\/\/goo.gl\/photos\/ms8wHy8fmCHDSwZV9\" data-cke-saved-href=\"https:\/\/goo.gl\/photos\/ms8wHy8fmCHDSwZV9\" data-cke-pa-onclick=\"window.open(this.href, '', 'resizable=no,status=no,location=no,toolbar=no,menubar=no,fullscreen=no,scrollbars=no,dependent=no'); return false;\"><strong>Clic pour voir<\/strong><\/a><\/td>\n<\/tr>\n<tr>\n<td>Soir\u00e9e Dans-noz Comm\u00e9moration<\/td>\n<td>Soir\u00e9e en m\u00e9moire de Jean Pierre et Jo\u00eblle<\/td>\n<td><a href=\"https:\/\/plus.google.com\/photos\/108374069799830013329\/albums\/6170124271869171041?authkey=CKrv_5iw-IrzTg\" data-cke-saved-href=\"https:\/\/plus.google.com\/photos\/108374069799830013329\/albums\/6170124271869171041?authkey=CKrv_5iw-IrzTg\" data-cke-pa-onclick=\"window.open(this.href, '', 'resizable=no,status=no,location=no,toolbar=no,menubar=no,fullscreen=no,scrollbars=no,dependent=no'); return false;\"><strong>Clic pour voir<\/strong><\/a><\/td>\n<\/tr>\n<tr>\n<td>Animation bretonne au Village Club Saint Saens<\/td>\n<td>Danses pour le 14 juillet&nbsp;<\/td>\n<td><strong><a href=\"https:\/\/plus.google.com\/photos\/108374069799830013329\/albums\/6171618487746268065?authkey=CI-rioz08fuTJw\" data-cke-saved-href=\"https:\/\/plus.google.com\/photos\/108374069799830013329\/albums\/6171618487746268065?authkey=CI-rioz08fuTJw\" data-cke-pa-onclick=\"window.open(this.href, '', 'resizable=no,status=no,location=no,toolbar=no,menubar=no,fullscreen=no,scrollbars=no,dependent=no'); return false;\">Clic pour voir<\/a><\/strong><\/td>\n<\/tr>\n<tr>\n<td>Festival Europa &#8211; Animation rue Lajarrige &#8211; La Baule<\/td>\n<td>Suite danse n\u00b0 1 et danses avec les spectateurs<\/td>\n<td><strong><a href=\"https:\/\/plus.google.com\/photos\/108374069799830013329\/albums\/6173090600074751409?authkey=CMKF9bLGl7PtCw\" data-cke-saved-href=\"https:\/\/plus.google.com\/photos\/108374069799830013329\/albums\/6173090600074751409?authkey=CMKF9bLGl7PtCw\" data-cke-pa-onclick=\"window.open(this.href, '', 'resizable=no,status=no,location=no,toolbar=no,menubar=no,fullscreen=no,scrollbars=no,dependent=no'); return false;\">Clic pour voir<\/a><\/strong><\/td>\n<\/tr>\n<tr>\n<td>F\u00eate Bretonne du Pouliguen<\/td>\n<td>Spectacle r\u00e9p\u00e9tition animation&nbsp;<\/td>\n<td><strong><a href=\"https:\/\/plus.google.com\/photos\/108374069799830013329\/albums\/6175692775579329105?authkey=CPrZ063pn4bahgE\" data-cke-saved-href=\"https:\/\/plus.google.com\/photos\/108374069799830013329\/albums\/6175692775579329105?authkey=CPrZ063pn4bahgE\" data-cke-pa-onclick=\"window.open(this.href, '', 'resizable=no,status=no,location=no,toolbar=no,menubar=no,fullscreen=no,scrollbars=no,dependent=no'); return false;\">Clic pour voir<\/a><\/strong><\/td>\n<\/tr>\n<tr>\n<td>F\u00eate Bretonne du Pouliguen<\/td>\n<td>D\u00e9fil\u00e9 et Animation<\/td>\n<td><a href=\"https:\/\/plus.google.com\/photos\/108374069799830013329\/albums\/6184611419829197425?authkey=CL2457LUlvH90wE\" data-cke-saved-href=\"https:\/\/plus.google.com\/photos\/108374069799830013329\/albums\/6184611419829197425?authkey=CL2457LUlvH90wE\" data-cke-pa-onclick=\"window.open(this.href, '', 'resizable=no,status=no,location=no,toolbar=no,menubar=no,fullscreen=no,scrollbars=no,dependent=no'); return false;\"><strong>Clic pour voir<\/strong><\/a><\/td>\n<\/tr>\n<tr>\n<td>Les Europ\u00e9ades en Suede<\/td>\n<td>Animation et d\u00e9fil\u00e9s<\/td>\n<td><a href=\"https:\/\/goo.gl\/photos\/w7KQy8Bv6muVYLfs6\" data-cke-saved-href=\"https:\/\/goo.gl\/photos\/w7KQy8Bv6muVYLfs6\" data-cke-pa-onclick=\"window.open(this.href, '', 'resizable=no,status=no,location=no,toolbar=no,menubar=no,fullscreen=no,scrollbars=no,dependent=no'); return false;\"><strong>Clic pour voir<\/strong><\/a><\/td>\n<\/tr>\n<tr>\n<td>F\u00eate de la Mer au Croisic<\/td>\n<td>Spectacle sur le podium du port<\/td>\n<td><a href=\"https:\/\/plus.google.com\/photos\/108374069799830013329\/albums\/6184637712924240849\" data-cke-saved-href=\"https:\/\/plus.google.com\/photos\/108374069799830013329\/albums\/6184637712924240849\" data-cke-pa-onclick=\"window.open(this.href, '', 'resizable=yes,status=no,location=no,toolbar=no,menubar=no,fullscreen=no,scrollbars=no,dependent=no'); return false;\"><strong>Clic pour voir<\/strong><\/a><\/td>\n<\/tr>\n<tr>\n<td>Pardon de La Baule<\/td>\n<td>Spectacle sur la sc\u00e8ne des Dryades<\/td>\n<td><a href=\"https:\/\/plus.google.com\/photos\/108374069799830013329\/albums\/6186596410417439569?authkey=CPGc_a7jyZbqZQ\" data-cke-saved-href=\"https:\/\/plus.google.com\/photos\/108374069799830013329\/albums\/6186596410417439569?authkey=CPGc_a7jyZbqZQ\" data-cke-pa-onclick=\"window.open(this.href, '', 'resizable=yes,status=no,location=no,toolbar=no,menubar=no,fullscreen=no,scrollbars=no,dependent=no'); return false;\"><strong>Clic pour voir<\/strong><\/a><\/td>\n<\/tr>\n<tr>\n<td>Pardon de La Baule<\/td>\n<td>D\u00e9fil\u00e9 lors du Pardon<\/td>\n<td><a href=\"https:\/\/goo.gl\/photos\/pggSR5ktRd1HhyJy6\" data-cke-saved-href=\"https:\/\/goo.gl\/photos\/pggSR5ktRd1HhyJy6\" data-cke-pa-onclick=\"window.open(this.href, '', 'resizable=yes,status=no,location=no,toolbar=no,menubar=no,fullscreen=no,scrollbars=no,dependent=no'); return false;\"><strong>Clic pour voir<\/strong><\/a><\/td>\n<\/tr>\n<tr>\n<td>March\u00e9 de No\u00ebl d&rsquo;Escoublac<\/td>\n<td>Concert de Treuzell dans l&rsquo;\u00e9glise Saint Pierre<\/td>\n<td><a href=\"https:\/\/goo.gl\/photos\/Doi5v25zSykMsSUv8\" data-cke-saved-href=\"https:\/\/goo.gl\/photos\/Doi5v25zSykMsSUv8\" data-cke-pa-onclick=\"window.open(this.href, '', 'resizable=yes,status=no,location=no,toolbar=no,menubar=no,fullscreen=no,scrollbars=no,dependent=no'); return false;\"><strong>Clic pour voir<\/strong><\/a><\/td>\n<\/tr>\n<\/tbody>\n<\/table>\n","protected":false},"excerpt":{"rendered":"<p>Soir\u00e9e Galette des Rois Tous les adh\u00e9rents Clic pour voir Animation les Amis de la Chanson Animation bretonne&nbsp; Clic pour voir Soir\u00e9e Dans Noz &#8211; Anniversaire de Charlie Soir\u00e9e Dans noz Clic pour voir Fest deiz du Cercle Ouvert \u00e0 tous Clic pour voir Groupe Sc\u00e9nique&nbsp; Gouel Breizh \u00e0 Redon&nbsp; Clic pour voir Groupe Sc\u00e9nique &hellip; <a href=\"https:\/\/cercleceltiquelabaule.bzh\/?page_id=690\" class=\"more-link\">Continuer la lecture de <span class=\"screen-reader-text\">2015 &#8211; TOUTES LES PHOTOS<\/span>  <span class=\"meta-nav\">&rarr;<\/span><\/a><\/p>\n","protected":false},"author":1,"featured_media":0,"parent":803,"menu_order":0,"comment_status":"closed","ping_status":"closed","template":"","meta":{"ngg_post_thumbnail":0,"footnotes":""},"class_list":["post-690","page","type-page","status-publish","hentry"],"_links":{"self":[{"href":"https:\/\/cercleceltiquelabaule.bzh\/index.php?rest_route=\/wp\/v2\/pages\/690","targetHints":{"allow":["GET"]}}],"collection":[{"href":"https:\/\/cercleceltiquelabaule.bzh\/index.php?rest_route=\/wp\/v2\/pages"}],"about":[{"href":"https:\/\/cercleceltiquelabaule.bzh\/index.php?rest_route=\/wp\/v2\/types\/page"}],"author":[{"embeddable":true,"href":"https:\/\/cercleceltiquelabaule.bzh\/index.php?rest_route=\/wp\/v2\/users\/1"}],"replies":[{"embeddable":true,"href":"https:\/\/cercleceltiquelabaule.bzh\/index.php?rest_route=%2Fwp%2Fv2%2Fcomments&post=690"}],"version-history":[{"count":3,"href":"https:\/\/cercleceltiquelabaule.bzh\/index.php?rest_route=\/wp\/v2\/pages\/690\/revisions"}],"predecessor-version":[{"id":824,"href":"https:\/\/cercleceltiquelabaule.bzh\/index.php?rest_route=\/wp\/v2\/pages\/690\/revisions\/824"}],"up":[{"embeddable":true,"href":"https:\/\/cercleceltiquelabaule.bzh\/index.php?rest_route=\/wp\/v2\/pages\/803"}],"wp:attachment":[{"href":"https:\/\/cercleceltiquelabaule.bzh\/index.php?rest_route=%2Fwp%2Fv2%2Fmedia&parent=690"}],"curies":[{"name":"wp","href":"https:\/\/api.w.org\/{rel}","templated":true}]}}