{"id":814,"date":"2012-04-25T17:27:05","date_gmt":"2012-04-25T15:27:05","guid":{"rendered":"http:\/\/labaulewp.gwalarn.org\/?page_id=814"},"modified":"2017-04-25T17:27:55","modified_gmt":"2017-04-25T15:27:55","slug":"toutes-les-photos-de-2011-2012","status":"publish","type":"page","link":"https:\/\/cercleceltiquelabaule.bzh\/?page_id=814","title":{"rendered":"TOUTES LES PHOTOS DE 2011- 2012"},"content":{"rendered":"<h1>&nbsp;<\/h1>\n<table border=\"1\" cellspacing=\"1\" cellpadding=\"1\" align=\"left\">\n<tbody>\n<tr>\n<td>Groupe Sc\u00e9nique<\/td>\n<td>F\u00eate du Pays Blanc en 2011<\/td>\n<td><strong><a href=\"https:\/\/plus.google.com\/u\/0\/photos\/108374069799830013329\/albums\/5810563734403237905?authkey=CLHwh7P-5cWhLQ\" data-cke-saved-href=\"https:\/\/plus.google.com\/u\/0\/photos\/108374069799830013329\/albums\/5810563734403237905?authkey=CLHwh7P-5cWhLQ\" data-cke-pa-onclick=\"window.open(this.href, '', 'resizable=no,status=no,location=no,toolbar=no,menubar=no,fullscreen=no,scrollbars=no,dependent=no'); return false;\">Clic pour voir<\/a><\/strong><\/td>\n<\/tr>\n<tr>\n<td>Animation Soir\u00e9e Bretonne<\/td>\n<td>R\u00e9sidence les Aliz\u00e9s en 2011<\/td>\n<td><strong><a href=\"https:\/\/plus.google.com\/u\/0\/photos\/108374069799830013329\/albums\/5817254850258055521?authkey=CI3m_tSKzpCMjAE\" data-cke-saved-href=\"https:\/\/plus.google.com\/u\/0\/photos\/108374069799830013329\/albums\/5817254850258055521?authkey=CI3m_tSKzpCMjAE\" data-cke-pa-onclick=\"window.open(this.href, '', 'resizable=no,status=no,location=no,toolbar=no,menubar=no,fullscreen=no,scrollbars=no,dependent=no'); return false;\">Clic pour voir<\/a><\/strong><\/td>\n<\/tr>\n<tr>\n<td>Groupe &nbsp;Sc\u00e9nique<\/td>\n<td>F\u00eate Bretonne du Pouliguen en 2012<\/td>\n<td><strong><a href=\"https:\/\/plus.google.com\/photos\/108374069799830013329\/albums\/5811698035211494721?authkey=CIeqgMGC0u-UJA\" data-cke-saved-href=\"https:\/\/plus.google.com\/photos\/108374069799830013329\/albums\/5811698035211494721?authkey=CIeqgMGC0u-UJA\" data-cke-pa-onclick=\"window.open(this.href, '', 'resizable=no,status=no,location=no,toolbar=no,menubar=no,fullscreen=no,scrollbars=no,dependent=no'); return false;\">Clic pour voir&nbsp;<\/a><\/strong><\/td>\n<\/tr>\n<tr>\n<td>Animation Soir\u00e9e Bretonne<\/td>\n<td>R\u00e9sidence les Aliz\u00e9s en 2011<\/td>\n<td><strong><a href=\"https:\/\/plus.google.com\/photos\/108374069799830013329\/albums\/5820705747754599009?authkey=CP_S4Jzv2IH-kQE\" data-cke-saved-href=\"https:\/\/plus.google.com\/photos\/108374069799830013329\/albums\/5820705747754599009?authkey=CP_S4Jzv2IH-kQE\" data-cke-pa-onclick=\"window.open(this.href, '', 'resizable=no,status=no,location=no,toolbar=no,menubar=no,fullscreen=no,scrollbars=no,dependent=no'); return false;\">Clic pour voir&nbsp;<\/a><\/strong><\/td>\n<\/tr>\n<tr>\n<td>Groupe Sc\u00e9nique<\/td>\n<td>Salon des Associations en 2012<\/td>\n<td><strong><a href=\"https:\/\/plus.google.com\/u\/0\/photos\/108374069799830013329\/albums\/5811699443834218465?authkey=CK25rfbP5pGf-gE\" data-cke-saved-href=\"https:\/\/plus.google.com\/u\/0\/photos\/108374069799830013329\/albums\/5811699443834218465?authkey=CK25rfbP5pGf-gE\" data-cke-pa-onclick=\"window.open(this.href, '', 'resizable=no,status=no,location=no,toolbar=no,menubar=no,fullscreen=no,scrollbars=no,dependent=no'); return false;\">Clic pour voir&nbsp;<\/a><\/strong><\/td>\n<\/tr>\n<\/tbody>\n<\/table>\n","protected":false},"excerpt":{"rendered":"<p>&nbsp; Groupe Sc\u00e9nique F\u00eate du Pays Blanc en 2011 Clic pour voir Animation Soir\u00e9e Bretonne R\u00e9sidence les Aliz\u00e9s en 2011 Clic pour voir Groupe &nbsp;Sc\u00e9nique F\u00eate Bretonne du Pouliguen en 2012 Clic pour voir&nbsp; Animation Soir\u00e9e Bretonne R\u00e9sidence les Aliz\u00e9s en 2011 Clic pour voir&nbsp; Groupe Sc\u00e9nique Salon des Associations en 2012 Clic pour voir&nbsp;<\/p>\n","protected":false},"author":1,"featured_media":0,"parent":0,"menu_order":0,"comment_status":"closed","ping_status":"closed","template":"","meta":{"ngg_post_thumbnail":0,"footnotes":""},"class_list":["post-814","page","type-page","status-publish","hentry"],"_links":{"self":[{"href":"https:\/\/cercleceltiquelabaule.bzh\/index.php?rest_route=\/wp\/v2\/pages\/814","targetHints":{"allow":["GET"]}}],"collection":[{"href":"https:\/\/cercleceltiquelabaule.bzh\/index.php?rest_route=\/wp\/v2\/pages"}],"about":[{"href":"https:\/\/cercleceltiquelabaule.bzh\/index.php?rest_route=\/wp\/v2\/types\/page"}],"author":[{"embeddable":true,"href":"https:\/\/cercleceltiquelabaule.bzh\/index.php?rest_route=\/wp\/v2\/users\/1"}],"replies":[{"embeddable":true,"href":"https:\/\/cercleceltiquelabaule.bzh\/index.php?rest_route=%2Fwp%2Fv2%2Fcomments&post=814"}],"version-history":[{"count":1,"href":"https:\/\/cercleceltiquelabaule.bzh\/index.php?rest_route=\/wp\/v2\/pages\/814\/revisions"}],"predecessor-version":[{"id":823,"href":"https:\/\/cercleceltiquelabaule.bzh\/index.php?rest_route=\/wp\/v2\/pages\/814\/revisions\/823"}],"wp:attachment":[{"href":"https:\/\/cercleceltiquelabaule.bzh\/index.php?rest_route=%2Fwp%2Fv2%2Fmedia&parent=814"}],"curies":[{"name":"wp","href":"https:\/\/api.w.org\/{rel}","templated":true}]}}

<h1>&nbsp;</h1>
<table border="1" cellspacing="1" cellpadding="1" align="left">
<tbody>
<tr>
<td>Groupe Scénique</td>
<td>Fête du Pays Blanc en 2011</td>
<td><strong><a href="https://plus.google.com/u/0/photos/108374069799830013329/albums/5810563734403237905?authkey=CLHwh7P-5cWhLQ" data-cke-saved-href="https://plus.google.com/u/0/photos/108374069799830013329/albums/5810563734403237905?authkey=CLHwh7P-5cWhLQ" data-cke-pa-onclick="window.open(this.href, '', 'resizable=no,status=no,location=no,toolbar=no,menubar=no,fullscreen=no,scrollbars=no,dependent=no'); return false;">Clic pour voir</a></strong></td>
</tr>
<tr>
<td>Animation Soirée Bretonne</td>
<td>Résidence les Alizés en 2011</td>
<td><strong><a href="https://plus.google.com/u/0/photos/108374069799830013329/albums/5817254850258055521?authkey=CI3m_tSKzpCMjAE" data-cke-saved-href="https://plus.google.com/u/0/photos/108374069799830013329/albums/5817254850258055521?authkey=CI3m_tSKzpCMjAE" data-cke-pa-onclick="window.open(this.href, '', 'resizable=no,status=no,location=no,toolbar=no,menubar=no,fullscreen=no,scrollbars=no,dependent=no'); return false;">Clic pour voir</a></strong></td>
</tr>
<tr>
<td>Groupe &nbsp;Scénique</td>
<td>Fête Bretonne du Pouliguen en 2012</td>
<td><strong><a href="https://plus.google.com/photos/108374069799830013329/albums/5811698035211494721?authkey=CIeqgMGC0u-UJA" data-cke-saved-href="https://plus.google.com/photos/108374069799830013329/albums/5811698035211494721?authkey=CIeqgMGC0u-UJA" data-cke-pa-onclick="window.open(this.href, '', 'resizable=no,status=no,location=no,toolbar=no,menubar=no,fullscreen=no,scrollbars=no,dependent=no'); return false;">Clic pour voir&nbsp;</a></strong></td>
</tr>
<tr>
<td>Animation Soirée Bretonne</td>
<td>Résidence les Alizés en 2011</td>
<td><strong><a href="https://plus.google.com/photos/108374069799830013329/albums/5820705747754599009?authkey=CP_S4Jzv2IH-kQE" data-cke-saved-href="https://plus.google.com/photos/108374069799830013329/albums/5820705747754599009?authkey=CP_S4Jzv2IH-kQE" data-cke-pa-onclick="window.open(this.href, '', 'resizable=no,status=no,location=no,toolbar=no,menubar=no,fullscreen=no,scrollbars=no,dependent=no'); return false;">Clic pour voir&nbsp;</a></strong></td>
</tr>
<tr>
<td>Groupe Scénique</td>
<td>Salon des Associations en 2012</td>
<td><strong><a href="https://plus.google.com/u/0/photos/108374069799830013329/albums/5811699443834218465?authkey=CK25rfbP5pGf-gE" data-cke-saved-href="https://plus.google.com/u/0/photos/108374069799830013329/albums/5811699443834218465?authkey=CK25rfbP5pGf-gE" data-cke-pa-onclick="window.open(this.href, '', 'resizable=no,status=no,location=no,toolbar=no,menubar=no,fullscreen=no,scrollbars=no,dependent=no'); return false;">Clic pour voir&nbsp;</a></strong></td>
</tr>
</tbody>
</table>

<p>&nbsp; Groupe Scénique Fête du Pays Blanc en 2011 Clic pour voir Animation Soirée Bretonne Résidence les Alizés en 2011 Clic pour voir Groupe &nbsp;Scénique Fête Bretonne du Pouliguen en 2012 Clic pour voir&nbsp; Animation Soirée Bretonne Résidence les Alizés en 2011 Clic pour voir&nbsp; Groupe Scénique Salon des Associations en 2012 Clic pour voir&nbsp;</p>
